14199
In base 15, what is 5 - 3421b?
-34216
In base 15, what is -116 - 7b?
-192
In base 8, what is -11264 + -20?
-11304
In base 16, what is 3e2 - -d?
3ef
In base 4, what is 0 + -3100102223?
-3100102223
In base 2, what is -100011010000001010 - 1110?
-100011010000011000
In base 8, what is -467 - -113?
-354
In base 16, what is -8c2 + 30?
-892
In base 13, what is 8 - -47a89?
47a94
In base 2, what is 11010110100000000 - 1001011?
11010110010110101
In base 5, what is -1120000130 + 10?
-1120000120
In base 9, what is -255 + 77?
-167
In base 5, what is -21404 + 302?
-21102
In base 2, what is 110001 - -10111111?
11110000
In base 6, what is -20503301 - 14?
-20503315
In base 12, what is -41 - 436b?
-43b0
In base 16, what is 6 - 4f21?
-4f1b
In base 10, what is -1165761 - -1?
-1165760
In base 2, what is 100101101010 + 110001?
100110011011
In base 13, what is 2 + -4477?
-4475
In base 5, what is -431432 + 11?
-431421
In base 8, what is 4 - -42207?
42213
In base 12, what is -523 - -648?
125
In base 11, what is 62 - 13aa7?
-13a45
In base 12, what is -6 - -98412?
98408
In base 7, what is 5 - -1403656?
1403664
In base 12, what is -60a - -35?
-595
In base 4, what is -2 - 201030122?
-201030130
In base 14, what is 4c35 + 1?
4c36
In base 6, what is -3 + -3122013?
-3122020
In base 2, what is 1010010001010 + -10100000?
1001111101010
In base 6, what is 2 - 113040?
-113034
In base 15, what is 4e + 5a?
a9
In base 6, what is 0 - 2220200?
-2220200
In base 6, what is -102251 + -10?
-102301
In base 11, what is -13643 + 28?
-13616
In base 10, what is 28 - -57233?
57261
In base 10, what is 20352 - -42?
20394
In base 3, what is -22 + 21020222?
21020200
In base 6, what is 4430 + -1?
4425
In base 8, what is 322255 - 3?
322252
In base 3, what is -2001102 + -10?
-2001112
In base 11, what is 138 - a85?
-948
In base 2, what is 1010 + 101000101111?
101000111001
In base 10, what is -455930 + -4?
-455934
In base 9, what is -1 + 1167?
1166
In base 4, what is -2101 + 100311?
32210
In base 4, what is -23002 - 23133?
-112201
In base 16, what is 19f5 - 1f?
19d6
In base 4, what is -1 + -1001312021?
-1001312022
In base 16, what is -eaa0 + 8?
-ea98
In base 6, what is -142 + 21151?
21005
In base 5, what is -10420121 - 144?
-10420320
In base 5, what is 4 - -224112?
224121
In base 12, what is 87b + 1a?
899
In base 13, what is 113 + 633?
746
In base 15, what is -5 + -1581b?
-15821
In base 2, what is -11101011100010110 - -111?
-11101011100001111
In base 2, what is -1000110100010 + 11?
-1000110011111
In base 7, what is -410545 - -15?
-410530
In base 5, what is -1013 - -1232?
214
In base 11, what is -1a3 - -632?
43a
In base 15, what is 2701 + 6?
2707
In base 2, what is -11110011100001 - 1100111?
-11110101001000
In base 14, what is 0 + -24296?
-24296
In base 11, what is 793a + -32?
7908
In base 5, what is 0 + 2122313?
2122313
In base 11, what is -2 - -1a485?
1a483
In base 15, what is -a - 6b21a?
-6b225
In base 2, what is -10 + 10011111100011001?
10011111100010111
In base 4, what is 2310 + -3032?
-122
In base 5, what is 4 - 210141?
-210132
In base 16, what is 4b + -1be?
-173
In base 5, what is -11312 - -233?
-11024
In base 9, what is 728 - 154?
564
In base 10, what is 42131 - 18?
42113
In base 16, what is 0 - -6e6f?
6e6f
In base 5, what is -4 - -2203433?
2203424
In base 11, what is 1992580 - 1?
199257a
In base 11, what is -26a2a + -2?
-26a31
In base 3, what is 2020 - -121122002?
121201022
In base 8, what is -1070 - -177?
-671
In base 13, what is -23 - -4521?
44cb
In base 3, what is -100200212 + 120?
-100200022
In base 14, what is -144a18 + -3?
-144a1b
In base 2, what is 111 - 10000011101101?
-10000011100110
In base 13, what is 0 + -2cb487?
-2cb487
In base 7, what is 11002 + -33?
10636
In base 10, what is -684 + -385?
-1069
In base 8, what is -10 + 27422?
27412
In base 6, what is 513 - 353?
120
In base 12, what is 4a0640 + 0?
4a0640
In base 8, what is 6 - 132733?
-132725
In base 9, what is -4 - 13713?
-13717
In base 12, what is -35 - 1ab4?
-1b29
In base 7, what is 0 + -664023?
-664023
In base 13, what is 2792a + -4?
27926
In base 13, what is -16 - -146c?
1456
In base 5, what is -4 + 101224040?
101224031
In base 2, what is -1010111100 + 10111000010?
1100000110
In base 3, what is 120 + -1011020?
-1010200
In base 4, what is -111130301 + 3?
-111130232
In base 13, what is -9 - -797a?
7971
In base 8, what is 106 + -201567?
-201461
In base 9, what is 188 + 151?
350
In base 4, what is -2023132301 + 3?
-2023132232
In base 11, what is 179305 + 4?
179309
In base 3, what is -1122200210000 - -11?
-1122200202212
In base 11, what is -44 - 4814?
-4858
In base 16, what is -5b70 - 1?
-5b71
In base 15, what is -52 + 7b5?
763
In base 15, what is c - bae?
-ba2
In base 9, what is -21374 + -4?
-21378
In base 7, what is -41 + -414014?
-414055
In base 9, what is 630 - -36?
666
In base 9, what is -145 - -4050?
3804
In base 9, what is -60 + -24764?
-24834
In base 7, what is -10020 + -652?
-11002
In base 8, what is 4 + 260212?
260216
In base 8, what is 2306234 - 5?
2306227
In base 10, what is -3 - -4401?
4398
In base 2, what is 10010010000 - -1101010011?
11111100011
In base 13, what is 563 + 43?
5a6
In base 4, what is -331 - -232230?
231233
In base 3, what is 1202 + 11220022020?
11220100222
In base 8, what is -62701 + -135?
-63036
In base 10, what is 4 + -24791?
-24787
In base 7, what is 15 - 1652325?
-1652310
In base 7, what is 206214 + -1?
206213
In base 14, what is -117caa9 + -5?
-117cab0
In base 6, what is 51235352 + -2?
51235350
In base 10, what is -6258 + 3?
-6255
In base 10, what is -18 + 332?
314
In base 10, what is 19513 + 4?
19517
In base 7, what is 1 - -144123?
144124
In base 11, what is 4 + -4109?
-4105
In base 9, what is 116675 - -10?
116685
In base 12, what is 499 - -224?
701
In base 12, what is -74757 + -3?
-7475a
In base 5, what is 3 - 22443?
-22440
In base 4, what is -1123 + -1112111?
-1113300
In base 2, what is 111100010110 + 10000100?
111110011010
In base 16, what is e89ea + 1?
e89eb
In base 9, what is -574778 + 2?
-574776
In base 12, what is 3 + 805?
808
In base 16, what is -21e01 - -1?
-21e00
In base 4, what is 11101 + 20011?
31112
In base 5, what is 210411 + 2?
210413
In base 11, what is -636 - 13a5?
-1a30
In base 3, what is 12 - -20100202202?
20100202221
In base 9, what is -100 + 83?
-6
In base 2, what is 100100110001101110 - 101?
100100110001101001
In base 15, what is c9 - 2345?
-226b
In base 10, what is 21 - -4342?
4363
In base 4, what is 1 + 23212321?
23212322
In base 3, what is 111 - 110101?
-102220
In base 6, what is 221404 - 351?
221013
In base 16, what is -36822 + 5?
-3681d
In base 8, what is -66 + -4230?
-4316
In base 11, what is 33 + 2224?
2257
In base 10, what is 2100708 + -1?
2100707
In base 7, what is 213330 - 3?
213324
In base 4, what is 231331112 + -3?
231331103
In base 6, what is 1255 + 22445?
24144
In base 2, what is 101 - 1110101101001010?
-1110101101000101
In base 2, what is 10001010 - 10011110?
-10100
In base 3, what is -221120 - -11101?
-210012
In base 13, what is 173a - -50?
178a
In base 7, what is -3 - 5160?
-5163
In base 8, what is -260 - 20?
-300
In base 2, what is -111111101011 + -10?
-111111101101
In base 3, what is -1100220 + -1110?
-1102100
In base 16, what is 1b + 827?
842
In base 8, what is -360 + 30247?
27667
In base 14, what is -a - 1aca?
-1ad6
In base 6, what is -423 - -15?
-404
In base 10, what is -10 - -47321?
47311
In base 3, what is -12020 + -2200?
-21220
In base 14, what is -4 - -319bc?
319b8
In base 13, what is 7 + -3840?
-3836
In base 15, what is 0 + -119abb?
-119abb
In base 14, what is 3 + -1161c?
-11619
In base 3, what is -10 - -2122001?
2121221
In base 8, what is 11310 - -15?
11325
In base 9, what is -2 - -1471543?
1471541
In base 15, what is 2014 - b?
2008
In base 12, what is 5b058 - -1?
5b059
In base 5, what is -103123222 - -3?
-103123214
In base 2, what is 0 - 10110111110?
-10110111110
In base 7, what is 2 - -2653?
2655
In base 16, what is 1b7 + 48?
1ff
In base 5, what is 10 + -323412?
-323402
In base 12, what is 17907 - 0?
17907
In base 14, what is b - 6d0d3?
-6d0c6
In base 2, what is 11101111 + 1011010?
101001001
In base 15, what is 126 - 1ab?
-85
In base 7, what is 116 + 4061?
4210
In base 14, what is -1636 - 3?
-1639
In base 14, what is 1b4 - 19?
199
In bas